507 is divided by 331?
330
What is the remainder when 3518 is divided by 520?
398
What is the remainder when 2853 is divided by 717?
702
What is the remainder when 10956 is divided by 1565?
1
What is the remainder when 54918 is divided by 10977?
33
What is the remainder when 12833 is divided by 221?
15
Calculate the remainder when 16603 is divided by 1824.
187
What is the remainder when 21047 is divided by 6?
5
What is the remainder when 114660 is divided by 1194?
36
What is the remainder when 91937 is divided by 5744?
33
What is the remainder when 4671 is divided by 146?
145
Calculate the remainder when 32993 is divided by 8248.
1
What is the remainder when 68851 is divided by 22938?
37
What is the remainder when 628 is divided by 193?
49
Calculate the remainder when 494074 is divided by 82343.
16
What is the remainder when 10156092 is divided by 807?
804
What is the remainder when 29979 is divided by 88?
59
What is the remainder when 10589 is divided by 1518?
1481
Calculate the remainder when 1851259 is divided by 288.
283
Calculate the remainder when 237554 is divided by 4751.
4
What is the remainder when 1899 is divided by 99?
18
What is the remainder when 284959 is divided by 93?
7
Calculate the remainder when 355 is divided by 192.
163
What is the remainder when 2175854 is divided by 1941?
1934
Calculate the remainder when 507750 is divided by 13.
9
Calculate the remainder when 34317 is divided by 491.
438
What is the remainder when 2076 is divided by 74?
4
What is the remainder when 2683434 is divided by 118?
114
Calculate the remainder when 4213 is divided by 4213.
0
Calculate the remainder when 58500 is divided by 8350.
50
Calculate the remainder when 122410 is divided by 887.
4
Calculate the remainder when 1986 is divided by 345.
261
Calculate the remainder when 871 is divided by 227.
190
Calculate the remainder when 11020 is divided by 200.
20
What is the remainder when 26402 is divided by 48?
2
What is the remainder when 1644 is divided by 332?
316
What is the remainder when 209 is divided by 106?
103
Calculate the remainder when 3377 is divided by 670.
27
What is the remainder when 6715 is divided by 843?
814
Calculate the remainder when 40201 is divided by 718.
711
What is the remainder when 3115 is divided by 160?
75
What is the remainder when 33433 is divided by 1285?
23
What is the remainder when 201510 is divided by 40302?
0
What is the remainder when 1656 is divided by 818?
20
Calculate the remainder when 378611 is divided by 126200.
11
What is the remainder when 220470 is divided by 51?
48
What is the remainder when 1098 is divided by 118?
36
Calculate the remainder when 98447 is divided by 471.
8
What is the remainder when 71833 is divided by 22?
3
Calculate the remainder when 23059 is divided by 562.
17
Calculate the remainder when 69532 is divided by 29.
19
Calculate the remainder when 5983 is divided by 403.
341
Calculate the remainder when 5507 is divided by 35.
12
What is the remainder when 9857 is divided by 191?
116
What is the remainder when 1756 is divided by 1730?
26
What is the remainder when 165792 is divided by 15?
12
What is the remainder when 15520 is divided by 19?
16
What is the remainder when 9349 is divided by 10?
9
Calculate the remainder when 174 is divided by 129.
45
What is the remainder when 1385320 is divided by 277064?
0
Calculate the remainder when 1372 is divided by 344.
340
Calculate the remainder when 8759 is divided by 7252.
1507
Calculate the remainder when 203257 is divided by 571.
552
Calculate the remainder when 1464 is divided by 50.
14
Calculate the remainder when 92295 is divided by 556.
555
Calculate the remainder when 95661 is divided by 2584.
53
What is the remainder when 118305 is divided by 23661?
0
What is the remainder when 1213 is divided by 567?
79
Calculate the remainder when 7015 is divided by 156.
151
Calculate the remainder when 44958 is divided by 1245.
138
What is the remainder when 3324 is divided by 3306?
18
Calculate the remainder when 2193944 is divided by 97.
95
Calculate the remainder when 11959 is divided by 757.
604
Calculate the remainder when 323957 is divided by 123.
98
What is the remainder when 52264 is divided by 72?
64
What is the remainder when 89964 is divided by 602?
266
Calculate the remainder when 5228 is divided by 645.
68
Calculate the remainder when 1053 is divided by 132.
129
Calculate the remainder when 36322 is divided by 1580.
1562
What is the remainder when 2414 is divided by 2275?
139
What is the remainder when 41020 is divided by 17?
16
Calculate the remainder when 8925 is divided by 2956.
57
What is the remainder when 5084 is divided by 722?
30
What is the remainder when 719598 is divided by 28?
26
What is the remainder when 4396 is divided by 1084?
60
What is the remainder when 681952 is divided by 14825?
2
What is the remainder when 1642 is divided by 739?
164
What is the remainder when 75989 is divided by 118?
115
What is the remainder when 30021 is divided by 7500?
21
Calculate the remainder when 754582 is divided by 46.
44
Calculate the remainder when 44062 is divided by 324.
322
What is the remainder when 102381 is divided by 81?
78
Calculate the remainder when 30610 is divided by 805.
20
What is the remainder when 5025 is divided by 626?
17
What is the remainder when 8921 is divided by 226?
107
What is the remainder when 9958639 is divided by 2269?
2267
Calculate the remainder when 3515 is divided by 1121.
152
Calculate the remainder when 18137 is divided by 3166.
2307
What is the remainder when 332341 is divided by 386?
381
What is the remainder when 16336 is divided by 832?
528
What is the remainder when 2447615 is divided by 128?
127
What is the remainder when 57508 is divided by 1855?
3
Calculate the remainder when 3441 is divided by 9.
3
Calculate the remainder when 11315 is divided by 153.
146
Calculate the remainder when 352243 is divided by 69.
67
Calculate the remainder when 18375 is divided by 3675.
0
What is the remainder when 26183 is divided by 1470?
1193
Calculate the remainder when 27612 is divided by 476.
4
Calculate the remainder when 17087 is divided by 1852.
419
What is the remainder when 303604 is divided by 501?
499
What is the remainder when 188135 is divided by 234?
233
What is the remainder when 134262 is divided by 290?
282
Calculate the remainder when 2713 is divided by 193.
11
What is the remainder when 3801 is divided by 226?
185
Calculate the remainder when 22763 is divided by 37.
8
What is the remainder when 14201 is divided by 1291?
0
Calculate the remainder when 11172 is divided by 55.
7
Calculate the remainder when 60122 is divided by 142.
56
What is the remainder when 10120 is divided by 270?
130
Calculate the remainder when 4861 is divided by 194.
11
Calculate the remainder when 1091 is divided by 106.
31
What is the remainder when 33134 is divided by 16565?
4
What is the remainder when 19364 is divided by 17950?
1414
What is the remainder when 11348 is divided by 379?
357
What is the remainder when 65522 is divided by 524?
22
Calculate the remainder when 10875 is divided by 1791.
129
What is the remainder when 2714 is divided by 1041?
632
Calculate the remainder when 82694 is divided by 973.
962
What is the remainder when 13864 is divided by 1058?
110
Calculate the remainder when 7765 is divided by 7731.
34
What is the remainder when 5390 is divided by 2604?
182
What is the remainder when 56498 is divided by 28244?
10
Calculate the remainder when 25229 is divided by 166.
163
What is the remainder when 9172 is divided by 22?
20
Calculate the remainder when 3182 is divided by 494.
218
What is the remainder when 32525 is divided by 374?
361
What is the remainder when 20594 is divided by 7?
0
Calculate the remainder when 80120 is divided by 79.
14
What is the remainder when 11116 is divided by 238?
168
What is the remainder when 3782238 is divided by 1540?
1538
What is the remainder when 10214 is divided by 116?
6
Calculate the remainder when 42332 is divided by 49.
45
Calculate the remainder when 902883 is divided by 42.
9
What is the remainder when 24819 is divided by 8120?
459
Calculate the remainder when 117357 is divided by 9.
6
What is the remainder when 49014 is divided by 30?
24
What is th